 of 2220179.
13, 67, 2549
What are the prime factors of 16523170?
2, 5, 1652317
List the prime factors of 133131.
3, 199, 223
What are the prime factors of 377951?
7, 53993
List the prime factors of 221552.
2, 61, 227
What are the prime factors of 578698?
2, 289349
What are the prime factors of 855045?
3, 5, 19001
What are the prime factors of 803983?
79, 10177
What are the prime factors of 6314814?
2, 3, 11, 10631
What are the prime factors of 99299?
109, 911
List the prime factors of 870708.
2, 3, 72559
List the prime factors of 12423938.
2, 83, 74843
What are the prime factors of 1904240?
2, 5, 13, 1831
List the prime factors of 888064.
2, 3469
What are the prime factors of 222729?
3, 13, 5711
List the prime factors of 5503193.
5503193
What are the prime factors of 184352?
2, 7, 823
What are the prime factors of 4415917?
11, 29, 109, 127
List the prime factors of 3333100.
2, 5, 33331
What are the prime factors of 279601?
7, 59, 677
List the prime factors of 728420.
2, 5, 7, 11, 43
What are the prime factors of 298164?
2, 3, 24847
List the prime factors of 69036.
2, 3, 11, 523
What are the prime factors of 59961?
3, 11, 23, 79
What are the prime factors of 2177609?
7, 19, 2339
What are the prime factors of 3705822?
2, 3, 205879
What are the prime factors of 896195?
5, 23, 7793
List the prime factors of 7900032.
2, 3, 7, 2939
List the prime factors of 163841.
163841
What are the prime factors of 308608?
2, 2411
What are the prime factors of 17549647?
877, 20011
List the prime factors of 111449.
13, 8573
List the prime factors of 1051545.
3, 5, 11, 6373
What are the prime factors of 1143579?
3, 293, 1301
What are the prime factors of 34687587?
3, 11, 1051139
List the prime factors of 12400931.
71, 389, 449
List the prime factors of 1888624.
2, 41, 2879
List the prime factors of 612865.
5, 11, 1013
What are the prime factors of 66393?
3, 2459
What are the prime factors of 577124?
2, 223, 647
List the prime factors of 713473.
17, 41969
List the prime factors of 1542108.
2, 3, 128509
What are the prime factors of 22028?
2, 5507
List the prime factors of 19150463.
19150463
What are the prime factors of 241066?
2, 7, 67, 257
List the prime factors of 1935110.
2, 5, 17, 11383
What are the prime factors of 6644526?
2, 3, 7, 281, 563
What are the prime factors of 2860580?
2, 5, 281, 509
What are the prime factors of 7682473?
2689, 2857
What are the prime factors of 1062682?
2, 719, 739
What are the prime factors of 1713415?
5, 11, 31153
List the prime factors of 1436167.
29, 49523
What are the prime factors of 5804794?
2, 2902397
List the prime factors of 243775.
5, 7, 199
List the prime factors of 360083.
61, 5903
List the prime factors of 1019139.
3, 11, 89, 347
What are the prime factors of 4952711?
19, 463, 563
What are the prime factors of 723873?
3, 241291
List the prime factors of 171459.
3, 19051
List the prime factors of 3366330.
2, 3, 5, 11, 101
List the prime factors of 1253458.
2, 263, 2383
List the prime factors of 10348514.
2, 11, 173, 2719
List the prime factors of 6026584.
2, 619, 1217
What are the prime factors of 2210120?
2, 5, 11, 5023
What are the prime factors of 397834?
2, 17, 11701
What are the prime factors of 64233?
3, 13, 61
What are the prime factors of 355773?
3, 11, 10781
What are the prime factors of 77969?
77969
List the prime factors of 1280061.
3, 41, 3469
List the prime factors of 2521078.
2, 7, 180077
What are the prime factors of 3457268?
2, 23, 37579
What are the prime factors of 3174238?
2, 127, 12497
List the prime factors of 129719.
129719
What are the prime factors of 289827?
3, 32203
What are the prime factors of 566168?
2, 17, 23, 181
List the prime factors of 2625007.
7, 11, 73, 467
What are the prime factors of 190723?
13, 17, 863
What are the prime factors of 1075365?
3, 5, 23, 1039
What are the prime factors of 571818?
2, 3, 13, 7331
List the prime factors of 217314.
2, 3, 12073
List the prime factors of 90814.
2, 17, 2671
What are the prime factors of 113186?
2, 17, 3329
What are the prime factors of 486574?
2, 11, 17, 1301
What are the prime factors of 3897021?
3, 1299007
What are the prime factors of 217666?
2, 43, 2531
What are the prime factors of 863468?
2, 139, 1553
List the prime factors of 349263.
3, 151, 257
List the prime factors of 3550835.
5, 617, 1151
List the prime factors of 1771430.
2, 5, 47, 3769
List the prime factors of 313863.
3, 11, 9511
List the prime factors of 1591756.
2, 397939
List the prime factors of 2204977.
2204977
What are the prime factors of 1340506?
2, 359, 1867
List the prime factors of 588387.
3, 17, 83, 139
What are the prime factors of 39255827?
13, 31, 59, 127
List the prime factors of 1649504.
2, 19, 2713
List the prime factors of 1251259.
1251259
List the prime factors of 129984.
2, 3, 677
What are the prime factors of 1272077?
89, 14293
List the prime factors of 5080438.
2, 11, 230929
List the prime factors of 21009766.
2, 811, 12953
What are the prime factors of 88958?
2, 19, 2341
What are the prime factors of 85014?
2, 3, 4723
List the prime factors of 21549491.
3673, 5867
What are the prime factors of 136754?
2, 101, 677
List the prime factors of 3921197.
7, 560171
List the prime factors of 38642200.
2, 5, 19, 10169
What are the prime factors of 8655954?
2, 3, 997, 1447
List the prime factors of 8270998.
2, 4135499
List the prime factors of 482101.
482101
What are the prime factors of 116029?
29, 4001
List the prime factors of 266270.
2, 5, 26627
List the prime factors of 2790615.
3, 5, 186041
What are the prime factors of 4453963?
4453963
List the prime factors of 1004108.
2, 7, 47, 109
List the prime factors of 56867.
19, 41, 73
List the prime factors of 1428454.
2, 714227
List the prime factors of 7686066.
2, 3, 103, 12437
List the prime factors of 5096084.
2, 7, 37, 4919
What are the prime factors of 8150369?
8150369
List the prime factors of 48384.
2, 3, 7
What are the prime factors of 234067?
234067
What are the prime factors of 7160933?
13, 550841
What are the prime factors of 18235618?
2, 9117809
What are the prime factors of 359583?
3, 7, 17123
What are the prime factors of 3181464?
2, 3, 11, 13, 103
What are the prime factors of 541845?
3, 5, 12041
List the prime factors of 567722.
2, 283861
What are the prime factors of 167260?
2, 5, 8363
List the prime factors of 11819096.
2, 1021, 1447
What are the prime factors of 5520316?
2, 1069, 1291
List the prime factors of 15992731.
15992731
List the prime factors of 11120135.
5, 13, 171079
What are the prime factors of 256799?
256799
What are the prime factors of 1090337?
113, 9649
What are the prime factors of 1748177?
1748177
List the prime factors of 481359.
3, 160453
What are the prime factors of 2133513?
3, 31, 2549
What are the prime factors of 745870?
2, 5, 74587
List the prime factors of 4834272.
2, 3, 37, 1361
What are the prime factors of 4366093?
17, 79, 3251
What are the prime factors of 869600?
2, 5, 1087
What are the prime factors of 7889831?
7889831
List the prime factors of 336605.
5, 23, 2927
What are the prime factors of 548127?
3, 67, 101
List the prime factors of 17037510.
2, 3, 5, 7, 81131
List the prime factors of 2217409.
2217409
What are the prime factors of 4952119?
4952119
List the prime factors of 353543.
41, 8623
List the prime factors of 5401601.
53, 101917
What are the prime factors of 350304?
2, 3, 41, 89
List the prime factors of 893596.
2, 11, 23, 883
What are the prime factors of 495073?
53, 9341
What are the prime factors of 12899721?
3, 397, 10831
List the prime factors of 711799.
11, 64709
List the prime factors of 2520697.
2520697
What are the prime factors of 831194?
2, 7, 13, 4567
What are the prime factors of 20412629?
41, 497869
What are the prime factors of 4580781?
3, 199, 7673
List the prime factors of 780591.
3, 7, 37171
List the prime factors of 184508.
2, 193, 239
List the prime factors of 1437531.
3, 349, 1373
What are the prime factors of 21788150?
2, 5, 435763
List the prime factors of 2320249.
47, 49367
What are the prime factors of 851830?
2, 5, 7, 43, 283
What are the prime factors of 3859023?
3, 7, 183763
What are the prime factors of 35932597?
79, 454843
List the prime factors of 1089444.
2, 3, 90787
What are the prime factors of 19646707?
196467